 is divided by 82?
1
What is the remainder when 106970 is divided by 53?
16
What is the remainder when 49557 is divided by 56?
53
What is the remainder when 72361 is divided by 2502?
2305
What is the remainder when 9038 is divided by 4518?
2
Calculate the remainder when 69868 is divided by 283.
250
What is the remainder when 251507 is divided by 217?
4
Calculate the remainder when 30073 is divided by 160.
153
What is the remainder when 6810 is divided by 2260?
30
What is the remainder when 1606881 is divided by 191?
189
Calculate the remainder when 24524 is divided by 12238.
48
Calculate the remainder when 34447 is divided by 148.
111
What is the remainder when 464999 is divided by 25?
24
What is the remainder when 12027 is divided by 23?
21
What is the remainder when 9367 is divided by 9341?
26
Calculate the remainder when 108641 is divided by 54320.
1
Calculate the remainder when 14254 is divided by 7121.
12
Calculate the remainder when 33549 is divided by 5584.
45
Calculate the remainder when 1193 is divided by 158.
87
Calculate the remainder when 25450 is divided by 51.
1
What is the remainder when 293253 is divided by 391?
3
What is the remainder when 1443 is divided by 5?
3
What is the remainder when 11444 is divided by 141?
23
What is the remainder when 1226 is divided by 119?
36
What is the remainder when 7988 is divided by 1136?
36
Calculate the remainder when 729376 is divided by 234.
232
What is the remainder when 6669 is divided by 630?
369
Calculate the remainder when 73859 is divided by 36876.
107
Calculate the remainder when 193004 is divided by 22.
20
What is the remainder when 789098 is divided by 1627?
3
What is the remainder when 23395 is divided by 1808?
1699
What is the remainder when 253376 is divided by 13335?
11
Calculate the remainder when 1711 is divided by 1694.
17
Calculate the remainder when 2179 is divided by 337.
157
Calculate the remainder when 77261 is divided by 85.
81
What is the remainder when 861 is divided by 487?
374
Calculate the remainder when 15640 is divided by 15639.
1
Calculate the remainder when 7771 is divided by 644.
43
What is the remainder when 38228 is divided by 301?
1
What is the remainder when 146691 is divided by 676?
675
What is the remainder when 45689 is divided by 29?
14
Calculate the remainder when 788162 is divided by 664.
658
Calculate the remainder when 2886 is divided by 4.
2
What is the remainder when 9207 is divided by 32?
23
What is the remainder when 33816 is divided by 178?
174
What is the remainder when 195698 is divided by 10?
8
Calculate the remainder when 2604 is divided by 373.
366
Calculate the remainder when 172199 is divided by 164.
163
What is the remainder when 1252 is divided by 1063?
189
Calculate the remainder when 2662 is divided by 85.
27
What is the remainder when 131950 is divided by 65?
0
What is the remainder when 5926 is divided by 220?
206
Calculate the remainder when 4356 is divided by 885.
816
What is the remainder when 18678 is divided by 6224?
6
What is the remainder when 29568 is divided by 104?
32
What is the remainder when 18649 is divided by 296?
1
What is the remainder when 108 is divided by 51?
6
What is the remainder when 3439 is divided by 171?
19
What is the remainder when 3484 is divided by 3477?
7
What is the remainder when 28483 is divided by 7120?
3
What is the remainder when 69215 is divided by 103?
102
Calculate the remainder when 4428 is divided by 2146.
136
Calculate the remainder when 699 is divided by 39.
36
Calculate the remainder when 1441 is divided by 343.
69
Calculate the remainder when 11484 is divided by 117.
18
What is the remainder when 54162 is divided by 5?
2
What is the remainder when 4659 is divided by 637?
200
What is the remainder when 336400 is divided by 359?
17
Calculate the remainder when 65528 is divided by 27.
26
What is the remainder when 5254 is divided by 10?
4
What is the remainder when 917 is divided by 68?
33
What is the remainder when 66512 is divided by 23?
19
Calculate the remainder when 460410 is divided by 7.
6
What is the remainder when 279500 is divided by 69873?
8
What is the remainder when 147228 is divided by 75?
3
Calculate the remainder when 444983 is divided by 32.
23
Calculate the remainder when 394 is divided by 175.
44
What is the remainder when 27885 is divided by 45?
30
Calculate the remainder when 95789 is divided by 754.
31
Calculate the remainder when 1407 is divided by 1048.
359
Calculate the remainder when 16197 is divided by 200.
197
Calculate the remainder when 9757 is divided by 4739.
279
Calculate the remainder when 624 is divided by 208.
0
Calculate the remainder when 1729 is divided by 26.
13
Calculate the remainder when 21135 is divided by 1688.
879
What is the remainder when 77074 is divided by 77?
74
Calculate the remainder when 7229 is divided by 113.
110
What is the remainder when 9170 is divided by 479?
69
What is the remainder when 30219 is divided by 6?
3
Calculate the remainder when 61559 is divided by 342.
341
Calculate the remainder when 31429 is divided by 913.
387
Calculate the remainder when 413810 is divided by 114.
104
What is the remainder when 36717 is divided by 1450?
467
Calculate the remainder when 4877717 is divided by 1238.
1235
Calculate the remainder when 19861 is divided by 6604.
49
What is the remainder when 9045 is divided by 2253?
33
Calculate the remainder when 2332 is divided by 8.
4
What is the remainder when 2241 is divided by 374?
371
Calculate the remainder when 4717 is divided by 88.
53
Calculate the remainder when 32798 is divided by 7912.
1150
Calculate the remainder when 4919 is divided by 543.
32
What is the remainder when 2609 is divided by 87?
86
Calculate the remainder when 8466 is divided by 27.
15
Calculate the remainder when 29680 is divided by 797.
191
Calculate the remainder when 400 is divided by 315.
85
What is the remainder when 6605 is divided by 6553?
52
Calculate the remainder when 1197 is divided by 130.
27
Calculate the remainder when 3490 is divided by 176.
146
Calculate the remainder when 48721 is divided by 13.
10
What is the remainder when 1221884 is divided by 43?
39
Calculate the remainder when 3701175 is divided by 78.
75
Calculate the remainder when 1260 is divided by 40.
20
What is the remainder when 1727 is divided by 346?
343
Calculate the remainder when 244942 is divided by 28.
26
What is the remainder when 78121 is divided by 134?
133
What is the remainder when 20729 is divided by 5102?
321
What is the remainder when 990 is divided by 27?
18
What is the remainder when 1188 is divided by 571?
46
Calculate the remainder when 4209 is divided by 1389.
42
Calculate the remainder when 95153 is divided by 76.
1
Calculate the remainder when 1591 is divided by 270.
241
What is the remainder when 80774 is divided by 6?
2
Calculate the remainder when 2016552 is divided by 15.
12
What is the remainder when 5211 is divided by 731?
94
What is the remainder when 137444 is divided by 138?
134
What is the remainder when 2317 is divided by 933?
451
What is the remainder when 13744 is divided by 55?
49
Calculate the remainder when 10569 is divided by 47.
41
Calculate the remainder when 6316 is divided by 579.
526
What is the remainder when 39136 is divided by 131?
98
What is the remainder when 40684 is divided by 565?
4
Calculate the remainder when 192266 is divided by 255.
251
Calculate the remainder when 713 is divided by 405.
308
What is the remainder when 790473 is divided by 37?
5
What is the remainder when 2206 is divided by 64?
30
What is the remainder when 159604 is divided by 1191?
10
Calculate the remainder when 94170 is divided by 125.
45
What is the remainder when 443520 is divided by 109?
108
What is the remainder when 56915 is divided by 191?
188
Calculate the remainder when 1479 is divided by 146.
19
What is the remainder when 14996 is divided by 6?
2
Calculate the remainder when 11503 is divided by 34.
11
Calculate the remainder when 5602 is divided by 4530.
1072
Calculate the remainder when 756085 is divided by 252021.
22
Calculate the remainder when 13603 is divided by 2670.
253
What is the remainder when 6139 is divided by 7?
0
What is the remainder when 1864 is divided by 158?
126
What is the remainder w